q + 23 = 3*m. Let l(i) = i**2 - 10*i + 1. Give l(m).
-15
Let c(n) be the first derivative of n**2/2 - 2*n + 22. Let m(v) = 5*v**2 + v - 1. Let k be m(1). Give c(k).
3
Suppose n - 5 = 2*n, 3*q = -2*n + 5. Let f(o) = -o**2 + 6*o - 7. Determine f(q).
-2
Let n(b) = -23*b**2 + 22*b**2 + 127*b - 112*b + 13. Calculate n(16).
-3
Let h be 3 + 7 + -4 + -4. Let n(m) = -m**3 - 4 - 5*m**h - 13 + 14 + 6*m. Calculate n(-6).
-3
Suppose -3*v - 1 = -v + 5*l, 0 = v - 3*l + 17. Let g(w) = -w**2 - 13*w - 2. Let y(d) = d**2 + 12*d + 2. Let u(m) = -5*g(m) - 6*y(m). What is u(v)?
-10
Let x(b) = 10*b**2. Suppose -3*w - 1 - 2 = 2*a, 5*w + 3*a = -4. Give x(w).
10
Let s(r) = -r**3 - 18*r**2 - 33*r - 12. Let h be s(-16). Let w be (0 - (0 + 1))*h. Let l(t) = -t - 2. Determine l(w).
2
Suppose -6*u - 13 + 37 = 0. Let o(g) = -g**2 + 4*g - 1. Determine o(u).
-1
Let r(l) = -l + 17. Let u(y) be the first derivative of y - 14. Let n(t) = -r(t) + 5*u(t). What is n(6)?
-6
Let d(b) = -b**2 + b - 8. Let n(s) = -s**2 - 18*s - 32. Suppose -40 + 136 = -6*m. Let w be n(m). Give d(w).
-8
Let k(o) = o**2 + 1. Let h(n) = -n**2 - 17*n - 5. Let z be h(-17). Let r(u) = 6 - 6*u**2 + 5*u - 2 + u**2 + u**2 - u**3. Let y be r(z). What is k(y)?
17
Let j(b) be the first derivative of -1/3*b**3 + 11 - b**2 + b. Determine j(2).
-7
Let j(a) be the second derivative of a**4/12 + 5*a**3/2 + 23*a**2/2 + a. Determine j(-13).
-3
Let y(h) = h - 23. Suppose -2*d = 2*a - 6*a + 16, -d = -5*a + 20. Calculate y(d).
-23
Let j(z) = z**2 + 3*z - 4. Let l be j(-4). Suppose -2*a - a = l. Let w be -6 + (1 - a) + -1. Let q(x) = -x - 7. Give q(w).
-1
Suppose -15 = 2*g - 7*g. Let s(n) = -3*n**2 + 5*n**2 + 2*n + 2*n**2 - n**g - 4. Let y = 7934 - 7931. Determine s(y).
11
Suppose 8*p - 4*p - 36 = 0. Let g(u) = 0 - 7 + 0 - u + p. Give g(0).
2
Let p(x) = -x**3 - 7*x**2 + 8*x - 4. Let j be p(-8). Let n be 7/(5/(-20)*j). Let w(a) = -a**3 + 7*a**2 + a - 2. What is w(n)?
5
Suppose -13 + 3 = 2*m. Let x(b) = 1. Let k(o) = 5*o - 8*o + 4*o + 1. Let s(t) = -k(t) - 2*x(t). Calculate s(m).
2
Let i(m) be the second derivative of 1/2*m**3 + 11*m + 1/3*m**4 + 0 + 1/2*m**2 - 1/20*m**5. Determine i(5).
-9
Let c(w) = 7*w**2 - 4*w - 9. Let s(x) = -5*x**2 + 5*x + 8. Let g(l) = -3*c(l) - 4*s(l). What is g(-6)?
7
Let m(d) = -27*d + 4. Let q(z) = z**2 - z - 1. Let g(p) = m(p) + 2*q(p). Let v(n) = n**2 - 10*n + 1. Let j(x) = 3*g(x) - 8*v(x). Give j(-5).
-17
Let n = -7 - -12. Suppose -4*b = -3*b + n*a + 14, -2*a = 8. Let y(q) = -128 + 63 + q**3 + 61 - 6*q**2 + 2*q. Give y(b).
8
Let y(j) be the third derivative of -j**5/60 + j**4/24 - j**3 - 38*j**2. Calculate y(0).
-6
Let h(q) = -6 - 1 + 12 - q - 7*q + 6*q. Suppose 8 = 2*u - 6. Determine h(u).
-9
Suppose 2*t + 2 = 4*t. Let m(k) = -6 + 4*k**2 - k**3 - t + k**2 + 8*k - 2. Calculate m(6).
3
Let i(l) = 11*l - 17. Let r(q) = 26*q + 106. Let x be r(-4). Give i(x).
5
Suppose -50*w + 20*w = -60. Let l(m) be the first derivative of -m**4/2 + m**3/3 + 2*m**2 - 3*m + 3. Determine l(w).
-7
Let g(h) = 32 - 5*h + h - 11 + 3*h. Determine g(0).
21
Let s(n) = -3*n**3 - 73*n**2 + 48*n - 58. Let m be s(-25). Let v(f) be the first derivative of f**4/4 + 3*f**3 + 5*f**2 - 7*f + 2. Determine v(m).
-23
Let d(a) be the third derivative of a**7/5040 + a**6/360 + 7*a**5/30 + 17*a**2. Let c(s) be the third derivative of d(s). Give c(-5).
-3
Suppose 327*q = 337*q - 120. Let l(p) = 4*p - 41. What is l(q)?
7
Let g(t) = -t**3 - 6*t**2 - 5*t - 7. Let s = -5 - -7. Suppose -s + 4 = q. Suppose 15 = -q*a + 5. Determine g(a).
-7
Let t = 11 + -9. Suppose t = 4*f - 3*f. Let s(d) = 3*d**2 - 2*d**f - 5*d**2 - 1 - d. Calculate s(-1).
-4
Let x(i) be the first derivative of -5*i**4/4 + 3*i**3 - i**2 - 2*i + 16. Let a(y) = -14*y**3 + 26*y**2 - 6*y - 6. Let v(k) = 4*a(k) - 11*x(k). Give v(2).
6
Let i(x) be the third derivative of -x**6/360 - x**5/12 + x**4/3 - 22*x**3/3 + 44*x**2. Let m(b) be the first derivative of i(b). What is m(-11)?
-3
Let i be 11/3 - 0 - 30/(-90). Let d(c) = 2*c - 1 - 5*c + c**2 - i*c. What is d(6)?
-7
Let q = 53 - 49. Let p(u) = -4*u - 2*u**2 + 4 + 8*u + u. Calculate p(q).
-8
Suppose -4*f - 3 = -5*f. Suppose 2*o - f*l - 16 = 0, 0 = 3*o - o + 3*l - 4. Let c(n) = n - 6. Determine c(o).
-1
Let z be (2 + 8)*(5/2 - 3). Let u(t) = -2*t + t - 3 - 2*t. Give u(z).
12
Let x be 5 - (-1)/3*(-15)/5. Suppose 10 - x = -6*r. Let c(h) = 8*h. Calculate c(r).
-8
Let b(g) be the second derivative of 0 + 1/120*g**5 + 1/6*g**4 - 8*g - g**3 + 0*g**2. Let o(f) be the second derivative of b(f). What is o(-5)?
-1
Let v(g) = -g**3 - 4*g**2 + 4*g - 5. Let t(x) = -x - 2. Let p be t(3). Let u = -1 - p. Let q be u/(-6)*(-285)/(-38). What is v(q)?
0
Let b(u) = 2*u**2 + 10*u - 24. Suppose 4*n - 12 = 0, -y + 38*n = 40*n + 1. Determine b(y).
4
Let m(d) = 1047*d**2 - d + 1055*d**2 - 3154*d**2 + 1053*d**2 - 3*d. What is m(6)?
12
Let z(a) = 8 - 87*a + 32*a + 25*a + 29*a - 16. Let d = 6 + -13. What is z(d)?
-1
Let a = 212 + -207. Let i = 3 - 0. Let c(b) = 1 + 0*b**3 - 5*b**2 - 2*b**3 - b + i*b**3. Determine c(a).
-4
Let m(z) be the second derivative of z**5/20 - z**4/12 + z**2/2 - 3*z. Let s(v) = -6*v**2 - 24*v. Let q be s(-4). Give m(q).
1
Let h(l) = -l**2 + 77 + l**2 - 9*l - l**2 - 87. Calculate h(-6).
8
Let z(s) = s**3 - 14*s**2 - 16*s + 19. Let x be z(15). Let m(n) = -3*n**3 + 28*n**2 + x*n + 30*n**2 - 4 + 4*n**3 - 61*n**2. What is m(3)?
8
Suppose 9 = 5*r - 2*r. Let f(n) = 0*n**3 - r*n**3 + 2*n**3 - n**2. Give f(-3).
18
Let t(m) = -2*m - 1. Let u = 4 + -4. Suppose 4*h + 5 = 3*d, u = 4*h + d - 3*d + 6. Determine t(h).
3
Suppose -3*x - 2*g - 2 = 12, -8 = -4*x + 4*g. Let l(a) be the second derivative of a**3 + 3*a**2/2 + 262*a. Give l(x).
-9
Suppose 4*o + 12 = 16. Suppose -o + 5 = 4*q. Let i(t) = 2*t + 1. What is i(q)?
3
Let r(f) be the third derivative of f**5/60 + f**4/12 - 4*f**3/3 - 48*f**2. Give r(-6).
16
Let q = 43 + -41. Let g(l) = -2*l - 2 + q + l - 2. Give g(-5).
3
Suppose 3*a - a = 64. Let h be a/20 + 6/15. Let i(f) = 1 - 7*f + 4*f + f**h + f**3 + f**3. Give i(2).
15
Let y = -518 - -522. Let i(c) = 15*c + 8. What is i(y)?
68
Let k be ((-2)/4)/(2/(-60)). Suppose -12*d = -17*d + k. Let g(f) = 0 - 4*f**2 - 4 - d - 3*f + f**3. Calculate g(5).
3
Let a(t) = t**3 - t**2. Let j = 331 - 329. What is a(j)?
4
Let d(n) = 18 - n + 2*n - 5*n - 32 + 5. Determine d(-4).
7
Suppose -3*x - 8 = 5*j, -2 - 1 = 3*x. Let b(v) = -2*v + 15. Let r be b(4). Let c(k) = -r*k + 2*k + 52 - 52. Give c(j).
5
Let v = 26 - 15. Let h = v + -7. Let l(q) = 2*q**2 + 19*q - 3. Let n(r) = r**2 + 9*r - 2. Let m(a) = h*l(a) - 9*n(a). Calculate m(-6).
0
Suppose -3*w + 25 - 10 = 0. Suppose -3*g - 2*g = -5*u - 10, -2*g = 3*u - 19. Let v(y) = 0*y + 11*y**2 + u - 12*y**2 + 6*y. What is v(w)?
8
Let p(d) = 1. Suppose 5*l + 0*h - 3*h = 13, -24 = -4*l - h. Let y(f) = -f**3 - 6*f**2 - f + 1. Let r(b) = l*p(b) + y(b). Calculate r(-6).
12
Let z(y) = y**2 + 13*y - 13. Let v be z(-14). Suppose 6*o - v + 7 = 0. Let q(s) = s**3 + 3*s**2 + s. Give q(o).
1
Let d(k) = -3*k - 19. Suppose -23 = -5*q - 63. Calculate d(q).
5
Let s(l) = -12*l + 7. Let i be s(1). Let a(t) = -2*t - 10. What is a(i)?
0
Let w(u) be the third derivative of -u**4/6 - 2*u**3 - 14*u**2 + 3. Give w(12).
-60
Suppose -34 + 13 = l + 5*o, 10 = -2*o. Let x(h) = 3 + 4*h + 0 - h - l. What is x(-1)?
-4
Let u(s) = -s - 7. Let n = -12 + 42. Let l be (-140)/n - 2/6. Calculate u(l).
-2
Let a(o) = o - 4. Let n be 3*12/(-10)*60/(-9). Suppose 0*k = -6*k + n. Determine a(k).
0
Let d(q) = -q - 1. Let i(m) = -2*m - 8. Let b(s) = d(s) - i(s). Let n = -3 - 4. Determine b(n).
0
Let r(f) be the third derivative of -f**5/60 + f**4/12 + f**3/6 - 126*f**2. Give r(3).
-2
Let z(v) be the first derivative of 4*v**2 + 5*v + 237. What is z(-2)?
-11
Let f(o) = -o**3 + 2*o**2 + 2. Suppose -4*t - 4*h = 20, t + 2*h = 4*t. Determine f(t).
18
Let q(n) = -n**2 - 3*n - 3. Let d(u) be the first derivative of u**4/4 + 7*u**3/3 + 4*u**2 + 6*u - 1. Let w be d(-6). Let b be 2 - ((-1)/1 - w). Give q(b).
-3
Suppose 4*c = -3 + 11. Let f be 3 + (0/(-1) - c). Let v(a) = -a**3 + 4. Let l(w) = 3*w**3 - 9. Let u(t) = 3*l(t) + 7*v(t). Determine u(f).
3
Let k(h) = -2496 - 2*h + 5*h + 2491. Let o(i) = i**3 + 4*i**2 + 5. Let j be o(-4). Calculate k(j).
10
Suppose 9*x - 4*x + 3*d - 15 = 0, 2